{"id":849,"date":"2018-11-27T09:59:41","date_gmt":"2018-11-27T08:59:41","guid":{"rendered":"https:\/\/www.strike.co.at\/felixneu\/?page_id=849"},"modified":"2018-12-05T09:58:33","modified_gmt":"2018-12-05T08:58:33","slug":"wein-apartment","status":"publish","type":"page","link":"https:\/\/www.hotel-sommer.at\/felix\/wein-apartment\/","title":{"rendered":"WEIN APARTMENT"},"content":{"rendered":"<p>[vc_row css=&#8220;.vc_custom_1542625391926{margin-top: 0px !important;padding-top: 0px !important;}&#8220;][vc_column][vc_custom_heading text=&#8220;WEIN APARTMENT&#8220; font_container=&#8220;tag:h3|text_align:left&#8220; use_theme_fonts=&#8220;yes&#8220; css=&#8220;.vc_custom_1543309119083{margin-top: 0px !important;border-top-width: 0px !important;}&#8220;][vc_empty_space height=&#8220;5px&#8220;][vc_custom_heading text=&#8220;Das Zuhause f\u00fcr Ihren Wein&#8220; font_container=&#8220;tag:h4|text_align:left&#8220; use_theme_fonts=&#8220;yes&#8220;][vc_empty_space height=&#8220;22px&#8220;]<style type=\"text\/css\" >#l_c91fanm73tocw85xpa3g.sc_line ,#l_c91fanm73tocw85xpa3g .sc_line { height:1px; background:#d1d1d1;}#l_c91fanm73tocw85xpa3g.sc_line ,#l_c91fanm73tocw85xpa3g .sc_line{margin-left:auto!important; margin-right:auto!important;}#l_c91fanm73tocw85xpa3g {margin:0px 0 0px 0; padding:0;}<\/style><div class=\"clearfix\"><\/div><div id=\"l_c91fanm73tocw85xpa3g\"  class=\"sc_line rd_line_normal\" ><\/div>[\/vc_column][\/vc_row][vc_row el_class=&#8220;flex-row&#8220;][vc_column width=&#8220;1\/4&#8243; offset=&#8220;vc_col-xs-12&#8243; el_class=&#8220;order-two&#8220;][vc_single_image image=&#8220;974&#8243; img_size=&#8220;full&#8220; alignment=&#8220;center&#8220; onclick=&#8220;link_image&#8220; css=&#8220;.vc_custom_1543998840995{border-top-width: 6px !important;border-right-width: 6px !important;border-bottom-width: 6px !important;border-left-width: 6px !important;border-left-color: #ffffff !important;border-left-style: solid !important;border-right-color: #ffffff !important;border-right-style: solid !important;border-top-color: #ffffff !important;border-top-style: solid !important;border-bottom-color: #ffffff !important;border-bottom-style: solid !important;}&#8220;][vc_row_inner][vc_column_inner width=&#8220;1\/3&#8243;][vc_single_image image=&#8220;674&#8243; img_size=&#8220;full&#8220; alignment=&#8220;center&#8220; onclick=&#8220;link_image&#8220; css=&#8220;.vc_custom_1543221422223{border-top-width: 6px !important;border-right-width: 6px !important;border-bottom-width: 6px !important;border-left-width: 6px !important;border-left-color: #ffffff !important;border-left-style: solid !important;border-right-color: #ffffff !important;border-right-style: solid !important;border-top-color: #ffffff !important;border-top-style: solid !important;border-bottom-color: #ffffff !important;border-bottom-style: solid !important;}&#8220;][\/vc_column_inner][vc_column_inner width=&#8220;1\/3&#8243;][vc_single_image image=&#8220;672&#8243; img_size=&#8220;full&#8220; alignment=&#8220;center&#8220; onclick=&#8220;link_image&#8220; css=&#8220;.vc_custom_1544000313095{border-top-width: 6px !important;border-right-width: 6px !important;border-bottom-width: 6px !important;border-left-width: 6px !important;border-left-color: #ffffff !important;border-left-style: solid !important;border-right-color: #ffffff !important;border-right-style: solid !important;border-top-color: #ffffff !important;border-top-style: solid !important;border-bottom-color: #ffffff !important;border-bottom-style: solid !important;}&#8220;][\/vc_column_inner][\/vc_row_inner][\/vc_column][vc_column width=&#8220;3\/4&#8243; el_class=&#8220;order-one&#8220;][vc_column_text]Ein\u00a0<strong>&#8222;Wein-Apartment&#8220;<\/strong>\u00a0ist ein Depot f\u00fcr Ihren Wein, das kunstvoll mit alten Steinen gemauert und mit einem Schmiedeisen-T\u00fcrl geschlossen ist. Mit einem\u00a0<strong>&#8222;Wein-Apartment&#8220;<\/strong>\u00a0erhalten Sie somit Ihren eigenen, privaten Weinkeller, der durch fachgerechte Lagerung und ideale Temperierung Ihren Wein zus\u00e4tzlich veredelt.<\/p>\n<p>Mit einer ganzj\u00e4hrigen Temperatur von 9 Grad Celsius sind optimale Voraussetzungen f\u00fcr die Aufbewahrung, Lagerung und Reifung Ihrer Weine in den \u00e4sthetischen Kellerr\u00e4umlichkeiten gegeben.\u00a0Die eingemieteten Personen haben die M\u00f6glichkeit, die R\u00e4umlichkeiten frei zu nutzen.<\/p>\n<p>Falls Sie Interesse haben, auch Ihre Vinothek bei uns zu lagern, melden Sie sich bitte telefonisch 02288\/2253 oder via email\u00a0<a href=\"mailto:office@hotel-sommer.at\">office@hotel-sommer.at<\/a>\u00a0bei uns[\/vc_column_text][\/vc_column][\/vc_row]<\/p>\n","protected":false},"excerpt":{"rendered":"<p>[vc_row css=&#8220;.vc_custom_1542625391926{margin-top: 0px !important;padding-top: 0px !important;}&#8220;][vc_column][vc_custom_heading text=&#8220;WEIN APARTMENT&#8220; font_container=&#8220;tag:h3|text_align:left&#8220; use_theme_fonts=&#8220;yes&#8220; css=&#8220;.vc_custom_1543309119083{margin-top: 0px !important;border-top-width: 0px !important;}&#8220;][vc_empty_space height=&#8220;5px&#8220;][vc_custom_heading text=&#8220;Das Zuhause f\u00fcr Ihren Wein&#8220; font_container=&#8220;tag:h4|text_align:left&#8220; use_theme_fonts=&#8220;yes&#8220;][vc_empty_space height=&#8220;22px&#8220;][\/vc_column][\/vc_row][vc_row el_class=&#8220;flex-row&#8220;][vc_column width=&#8220;1\/4&#8243; offset=&#8220;vc_col-xs-12&#8243; el_class=&#8220;order-two&#8220;][vc_single_image image=&#8220;974&#8243; img_size=&#8220;full&#8220; alignment=&#8220;center&#8220; onclick=&#8220;link_image&#8220; css=&#8220;.vc_custom_1543998840995{border-top-width: 6px !important;border-right-width: 6px !important;border-bottom-width: 6px !important;border-left-width: 6px !important;border-left-color: #ffffff !important;border-left-style: solid !important;border-right-color: #ffffff !important;border-right-style: solid !important;border-top-color: #ffffff !important;border-top-style: solid !important;border-bottom-color: #ffffff !important;border-bottom-style:<br \/><a href=\"https:\/\/www.hotel-sommer.at\/felix\/wein-apartment\/\" class=\"more\">Read more<\/a><\/p>\n","protected":false},"author":1,"featured_media":0,"parent":0,"menu_order":0,"comment_status":"closed","ping_status":"closed","template":"","meta":[],"_links":{"self":[{"href":"https:\/\/www.hotel-sommer.at\/felix\/wp-json\/wp\/v2\/pages\/849"}],"collection":[{"href":"https:\/\/www.hotel-sommer.at\/felix\/wp-json\/wp\/v2\/pages"}],"about":[{"href":"https:\/\/www.hotel-sommer.at\/felix\/wp-json\/wp\/v2\/types\/page"}],"author":[{"embeddable":true,"href":"https:\/\/www.hotel-sommer.at\/felix\/wp-json\/wp\/v2\/users\/1"}],"replies":[{"embeddable":true,"href":"https:\/\/www.hotel-sommer.at\/felix\/wp-json\/wp\/v2\/comments?post=849"}],"version-history":[{"count":3,"href":"https:\/\/www.hotel-sommer.at\/felix\/wp-json\/wp\/v2\/pages\/849\/revisions"}],"predecessor-version":[{"id":1060,"href":"https:\/\/www.hotel-sommer.at\/felix\/wp-json\/wp\/v2\/pages\/849\/revisions\/1060"}],"wp:attachment":[{"href":"https:\/\/www.hotel-sommer.at\/felix\/wp-json\/wp\/v2\/media?parent=849"}],"curies":[{"name":"wp","href":"https:\/\/api.w.org\/{rel}","templated":true}]}}

<p>[vc_row css=&#8220;.vc_custom_1542625391926{margin-top: 0px !important;padding-top: 0px !important;}&#8220;][vc_column][vc_custom_heading text=&#8220;WEIN APARTMENT&#8220; font_container=&#8220;tag:h3|text_align:left&#8220; use_theme_fonts=&#8220;yes&#8220; css=&#8220;.vc_custom_1543309119083{margin-top: 0px !important;border-top-width: 0px !important;}&#8220;][vc_empty_space height=&#8220;5px&#8220;][vc_custom_heading text=&#8220;Das Zuhause für Ihren Wein&#8220; font_container=&#8220;tag:h4|text_align:left&#8220; use_theme_fonts=&#8220;yes&#8220;][vc_empty_space height=&#8220;22px&#8220;]<style type="text/css" >#l_c91fanm73tocw85xpa3g.sc_line ,#l_c91fanm73tocw85xpa3g .sc_line { height:1px; background:#d1d1d1;}#l_c91fanm73tocw85xpa3g.sc_line ,#l_c91fanm73tocw85xpa3g .sc_line{margin-left:auto!important; margin-right:auto!important;}#l_c91fanm73tocw85xpa3g {margin:0px 0 0px 0; padding:0;}</style><div class="clearfix"></div><div id="l_c91fanm73tocw85xpa3g"  class="sc_line rd_line_normal" ></div>[/vc_column][/vc_row][vc_row el_class=&#8220;flex-row&#8220;][vc_column width=&#8220;1/4&#8243; offset=&#8220;vc_col-xs-12&#8243; el_class=&#8220;order-two&#8220;][vc_single_image image=&#8220;974&#8243; img_size=&#8220;full&#8220; alignment=&#8220;center&#8220; onclick=&#8220;link_image&#8220; css=&#8220;.vc_custom_1543998840995{border-top-width: 6px !important;border-right-width: 6px !important;border-bottom-width: 6px !important;border-left-width: 6px !important;border-left-color: #ffffff !important;border-left-style: solid !important;border-right-color: #ffffff !important;border-right-style: solid !important;border-top-color: #ffffff !important;border-top-style: solid !important;border-bottom-color: #ffffff !important;border-bottom-style: solid !important;}&#8220;][vc_row_inner][vc_column_inner width=&#8220;1/3&#8243;][vc_single_image image=&#8220;674&#8243; img_size=&#8220;full&#8220; alignment=&#8220;center&#8220; onclick=&#8220;link_image&#8220; css=&#8220;.vc_custom_1543221422223{border-top-width: 6px !important;border-right-width: 6px !important;border-bottom-width: 6px !important;border-left-width: 6px !important;border-left-color: #ffffff !important;border-left-style: solid !important;border-right-color: #ffffff !important;border-right-style: solid !important;border-top-color: #ffffff !important;border-top-style: solid !important;border-bottom-color: #ffffff !important;border-bottom-style: solid !important;}&#8220;][/vc_column_inner][vc_column_inner width=&#8220;1/3&#8243;][vc_single_image image=&#8220;672&#8243; img_size=&#8220;full&#8220; alignment=&#8220;center&#8220; onclick=&#8220;link_image&#8220; css=&#8220;.vc_custom_1544000313095{border-top-width: 6px !important;border-right-width: 6px !important;border-bottom-width: 6px !important;border-left-width: 6px !important;border-left-color: #ffffff !important;border-left-style: solid !important;border-right-color: #ffffff !important;border-right-style: solid !important;border-top-color: #ffffff !important;border-top-style: solid !important;border-bottom-color: #ffffff !important;border-bottom-style: solid !important;}&#8220;][/vc_column_inner][/vc_row_inner][/vc_column][vc_column width=&#8220;3/4&#8243; el_class=&#8220;order-one&#8220;][vc_column_text]Ein <strong>&#8222;Wein-Apartment&#8220;</strong> ist ein Depot für Ihren Wein, das kunstvoll mit alten Steinen gemauert und mit einem Schmiedeisen-Türl geschlossen ist. Mit einem <strong>&#8222;Wein-Apartment&#8220;</strong> erhalten Sie somit Ihren eigenen, privaten Weinkeller, der durch fachgerechte Lagerung und ideale Temperierung Ihren Wein zusätzlich veredelt.</p>
<p>Mit einer ganzjährigen Temperatur von 9 Grad Celsius sind optimale Voraussetzungen für die Aufbewahrung, Lagerung und Reifung Ihrer Weine in den ästhetischen Kellerräumlichkeiten gegeben. Die eingemieteten Personen haben die Möglichkeit, die Räumlichkeiten frei zu nutzen.</p>
<p>Falls Sie Interesse haben, auch Ihre Vinothek bei uns zu lagern, melden Sie sich bitte telefonisch 02288/2253 oder via email <a href="mailto:office@hotel-sommer.at">office@hotel-sommer.at</a> bei uns[/vc_column_text][/vc_column][/vc_row]</p>

<p>[vc_row css=&#8220;.vc_custom_1542625391926{margin-top: 0px !important;padding-top: 0px !important;}&#8220;][vc_column][vc_custom_heading text=&#8220;WEIN APARTMENT&#8220; font_container=&#8220;tag:h3|text_align:left&#8220; use_theme_fonts=&#8220;yes&#8220; css=&#8220;.vc_custom_1543309119083{margin-top: 0px !important;border-top-width: 0px !important;}&#8220;][vc_empty_space height=&#8220;5px&#8220;][vc_custom_heading text=&#8220;Das Zuhause für Ihren Wein&#8220; font_container=&#8220;tag:h4|text_align:left&#8220; use_theme_fonts=&#8220;yes&#8220;][vc_empty_space height=&#8220;22px&#8220;][/vc_column][/vc_row][vc_row el_class=&#8220;flex-row&#8220;][vc_column width=&#8220;1/4&#8243; offset=&#8220;vc_col-xs-12&#8243; el_class=&#8220;order-two&#8220;][vc_single_image image=&#8220;974&#8243; img_size=&#8220;full&#8220; alignment=&#8220;center&#8220; onclick=&#8220;link_image&#8220; css=&#8220;.vc_custom_1543998840995{border-top-width: 6px !important;border-right-width: 6px !important;border-bottom-width: 6px !important;border-left-width: 6px !important;border-left-color: #ffffff !important;border-left-style: solid !important;border-right-color: #ffffff !important;border-right-style: solid !important;border-top-color: #ffffff !important;border-top-style: solid !important;border-bottom-color: #ffffff !important;border-bottom-style:<br /><a href="https://www.hotel-sommer.at/felix/wein-apartment/" class="more">Read more</a></p>
