{"id":837,"date":"2018-11-27T09:44:04","date_gmt":"2018-11-27T08:44:04","guid":{"rendered":"https:\/\/www.strike.co.at\/felixneu\/?page_id=837"},"modified":"2018-12-05T09:53:55","modified_gmt":"2018-12-05T08:53:55","slug":"vinothek","status":"publish","type":"page","link":"https:\/\/www.hotel-sommer.at\/felix\/vinothek\/","title":{"rendered":"VINOTHEK"},"content":{"rendered":"<p>[vc_row css=&#8220;.vc_custom_1542625391926{margin-top: 0px !important;padding-top: 0px !important;}&#8220;][vc_column][vc_custom_heading text=&#8220;VINOTHEK&#8220; font_container=&#8220;tag:h3|text_align:left&#8220; use_theme_fonts=&#8220;yes&#8220; css=&#8220;.vc_custom_1543308220547{margin-top: 0px !important;border-top-width: 0px !important;}&#8220;][vc_empty_space height=&#8220;5px&#8220;][vc_custom_heading text=&#8220;Wir sind Weinviertler&#8220; font_container=&#8220;tag:h4|text_align:left&#8220; use_theme_fonts=&#8220;yes&#8220;][vc_empty_space height=&#8220;22px&#8220;]<style type=\"text\/css\" >#l_wrzag6c27uc8l18zt9d7.sc_line ,#l_wrzag6c27uc8l18zt9d7 .sc_line { height:1px; background:#d1d1d1;}#l_wrzag6c27uc8l18zt9d7.sc_line ,#l_wrzag6c27uc8l18zt9d7 .sc_line{margin-left:auto!important; margin-right:auto!important;}#l_wrzag6c27uc8l18zt9d7 {margin:0px 0 0px 0; padding:0;}<\/style><div class=\"clearfix\"><\/div><div id=\"l_wrzag6c27uc8l18zt9d7\"  class=\"sc_line rd_line_normal\" ><\/div>[\/vc_column][\/vc_row][vc_row el_class=&#8220;flex-row&#8220;][vc_column width=&#8220;1\/4&#8243; offset=&#8220;vc_col-xs-12&#8243; el_class=&#8220;order-two&#8220;][vc_single_image image=&#8220;672&#8243; img_size=&#8220;full&#8220; alignment=&#8220;center&#8220; onclick=&#8220;link_image&#8220; css=&#8220;.vc_custom_1543997902663{border-top-width: 6px !important;border-right-width: 6px !important;border-bottom-width: 6px !important;border-left-width: 6px !important;border-left-color: #ffffff !important;border-left-style: solid !important;border-right-color: #ffffff !important;border-right-style: solid !important;border-top-color: #ffffff !important;border-top-style: solid !important;border-bottom-color: #ffffff !important;border-bottom-style: solid !important;}&#8220;][vc_row_inner][vc_column_inner width=&#8220;1\/3&#8243;][vc_single_image image=&#8220;674&#8243; img_size=&#8220;full&#8220; alignment=&#8220;center&#8220; onclick=&#8220;link_image&#8220; css=&#8220;.vc_custom_1543221422223{border-top-width: 6px !important;border-right-width: 6px !important;border-bottom-width: 6px !important;border-left-width: 6px !important;border-left-color: #ffffff !important;border-left-style: solid !important;border-right-color: #ffffff !important;border-right-style: solid !important;border-top-color: #ffffff !important;border-top-style: solid !important;border-bottom-color: #ffffff !important;border-bottom-style: solid !important;}&#8220;][\/vc_column_inner][vc_column_inner width=&#8220;1\/3&#8243;][vc_single_image image=&#8220;946&#8243; img_size=&#8220;full&#8220; alignment=&#8220;center&#8220; onclick=&#8220;link_image&#8220; css=&#8220;.vc_custom_1544000034946{border-top-width: 6px !important;border-right-width: 6px !important;border-bottom-width: 6px !important;border-left-width: 6px !important;border-left-color: #ffffff !important;border-left-style: solid !important;border-right-color: #ffffff !important;border-right-style: solid !important;border-top-color: #ffffff !important;border-top-style: solid !important;border-bottom-color: #ffffff !important;border-bottom-style: solid !important;}&#8220;][\/vc_column_inner][vc_column_inner width=&#8220;1\/3&#8243;][\/vc_column_inner][\/vc_row_inner][\/vc_column][vc_column width=&#8220;3\/4&#8243; el_class=&#8220;order-one&#8220;][vc_column_text]Seit Generationen ist unsere Familie mit dem\u00a0<strong>Weinbau\u00a0<\/strong>tief verbunden. Fr\u00fcher war die Familie Sommer selbst im Weinbau t\u00e4tig. Heute haben wir uns nun auf die Lagerung, Pr\u00e4sentation und den Verkauf edler Weine spezialisiert.<\/p>\n<p>Dabei wurde der ehemalige\u00a0<strong>Weinkeller\u00a0<\/strong>zu einer stilvollen Vinothek samt St\u00fcberl umgebaut, die zum gem\u00fctlichen Beisammensein einl\u00e4dt.<\/p>\n<p><strong>15 Topwinzer<\/strong>, allesamt aus dem Weinviertel, bieten unter dem Motto \u201eWir sind Weinviertler&#8220; Kultursch\u00e4tze der Region an. In unserer Vinothek finden Sie regionstypischen Sorten wie DAC und Welschriesling sowie andere \u00f6sterreichische Klassiker.<\/p>\n<p>Wir freuen uns darauf, Sie in unserer Vinothek begr\u00fc\u00dfen zu d\u00fcrfen. Genie\u00dfen Sie einige gute Tropfen in entspannter Atmosph\u00e4re bei uns im S\u00fcdlichen Weinviertel.[\/vc_column_text][\/vc_column][\/vc_row]<\/p>\n","protected":false},"excerpt":{"rendered":"<p>[vc_row css=&#8220;.vc_custom_1542625391926{margin-top: 0px !important;padding-top: 0px !important;}&#8220;][vc_column][vc_custom_heading text=&#8220;VINOTHEK&#8220; font_container=&#8220;tag:h3|text_align:left&#8220; use_theme_fonts=&#8220;yes&#8220; css=&#8220;.vc_custom_1543308220547{margin-top: 0px !important;border-top-width: 0px !important;}&#8220;][vc_empty_space height=&#8220;5px&#8220;][vc_custom_heading text=&#8220;Wir sind Weinviertler&#8220; font_container=&#8220;tag:h4|text_align:left&#8220; use_theme_fonts=&#8220;yes&#8220;][vc_empty_space height=&#8220;22px&#8220;][\/vc_column][\/vc_row][vc_row el_class=&#8220;flex-row&#8220;][vc_column width=&#8220;1\/4&#8243; offset=&#8220;vc_col-xs-12&#8243; el_class=&#8220;order-two&#8220;][vc_single_image image=&#8220;672&#8243; img_size=&#8220;full&#8220; alignment=&#8220;center&#8220; onclick=&#8220;link_image&#8220; css=&#8220;.vc_custom_1543997902663{border-top-width: 6px !important;border-right-width: 6px !important;border-bottom-width: 6px !important;border-left-width: 6px !important;border-left-color: #ffffff !important;border-left-style: solid !important;border-right-color: #ffffff !important;border-right-style: solid !important;border-top-color: #ffffff !important;border-top-style: solid !important;border-bottom-color: #ffffff !important;border-bottom-style: solid !important;}&#8220;][vc_row_inner][vc_column_inner width=&#8220;1\/3&#8243;][vc_single_image<br \/><a href=\"https:\/\/www.hotel-sommer.at\/felix\/vinothek\/\" class=\"more\">Read more<\/a><\/p>\n","protected":false},"author":1,"featured_media":0,"parent":0,"menu_order":0,"comment_status":"closed","ping_status":"closed","template":"","meta":[],"_links":{"self":[{"href":"https:\/\/www.hotel-sommer.at\/felix\/wp-json\/wp\/v2\/pages\/837"}],"collection":[{"href":"https:\/\/www.hotel-sommer.at\/felix\/wp-json\/wp\/v2\/pages"}],"about":[{"href":"https:\/\/www.hotel-sommer.at\/felix\/wp-json\/wp\/v2\/types\/page"}],"author":[{"embeddable":true,"href":"https:\/\/www.hotel-sommer.at\/felix\/wp-json\/wp\/v2\/users\/1"}],"replies":[{"embeddable":true,"href":"https:\/\/www.hotel-sommer.at\/felix\/wp-json\/wp\/v2\/comments?post=837"}],"version-history":[{"count":4,"href":"https:\/\/www.hotel-sommer.at\/felix\/wp-json\/wp\/v2\/pages\/837\/revisions"}],"predecessor-version":[{"id":1055,"href":"https:\/\/www.hotel-sommer.at\/felix\/wp-json\/wp\/v2\/pages\/837\/revisions\/1055"}],"wp:attachment":[{"href":"https:\/\/www.hotel-sommer.at\/felix\/wp-json\/wp\/v2\/media?parent=837"}],"curies":[{"name":"wp","href":"https:\/\/api.w.org\/{rel}","templated":true}]}}

<p>[vc_row css=&#8220;.vc_custom_1542625391926{margin-top: 0px !important;padding-top: 0px !important;}&#8220;][vc_column][vc_custom_heading text=&#8220;VINOTHEK&#8220; font_container=&#8220;tag:h3|text_align:left&#8220; use_theme_fonts=&#8220;yes&#8220; css=&#8220;.vc_custom_1543308220547{margin-top: 0px !important;border-top-width: 0px !important;}&#8220;][vc_empty_space height=&#8220;5px&#8220;][vc_custom_heading text=&#8220;Wir sind Weinviertler&#8220; font_container=&#8220;tag:h4|text_align:left&#8220; use_theme_fonts=&#8220;yes&#8220;][vc_empty_space height=&#8220;22px&#8220;]<style type="text/css" >#l_wrzag6c27uc8l18zt9d7.sc_line ,#l_wrzag6c27uc8l18zt9d7 .sc_line { height:1px; background:#d1d1d1;}#l_wrzag6c27uc8l18zt9d7.sc_line ,#l_wrzag6c27uc8l18zt9d7 .sc_line{margin-left:auto!important; margin-right:auto!important;}#l_wrzag6c27uc8l18zt9d7 {margin:0px 0 0px 0; padding:0;}</style><div class="clearfix"></div><div id="l_wrzag6c27uc8l18zt9d7"  class="sc_line rd_line_normal" ></div>[/vc_column][/vc_row][vc_row el_class=&#8220;flex-row&#8220;][vc_column width=&#8220;1/4&#8243; offset=&#8220;vc_col-xs-12&#8243; el_class=&#8220;order-two&#8220;][vc_single_image image=&#8220;672&#8243; img_size=&#8220;full&#8220; alignment=&#8220;center&#8220; onclick=&#8220;link_image&#8220; css=&#8220;.vc_custom_1543997902663{border-top-width: 6px !important;border-right-width: 6px !important;border-bottom-width: 6px !important;border-left-width: 6px !important;border-left-color: #ffffff !important;border-left-style: solid !important;border-right-color: #ffffff !important;border-right-style: solid !important;border-top-color: #ffffff !important;border-top-style: solid !important;border-bottom-color: #ffffff !important;border-bottom-style: solid !important;}&#8220;][vc_row_inner][vc_column_inner width=&#8220;1/3&#8243;][vc_single_image image=&#8220;674&#8243; img_size=&#8220;full&#8220; alignment=&#8220;center&#8220; onclick=&#8220;link_image&#8220; css=&#8220;.vc_custom_1543221422223{border-top-width: 6px !important;border-right-width: 6px !important;border-bottom-width: 6px !important;border-left-width: 6px !important;border-left-color: #ffffff !important;border-left-style: solid !important;border-right-color: #ffffff !important;border-right-style: solid !important;border-top-color: #ffffff !important;border-top-style: solid !important;border-bottom-color: #ffffff !important;border-bottom-style: solid !important;}&#8220;][/vc_column_inner][vc_column_inner width=&#8220;1/3&#8243;][vc_single_image image=&#8220;946&#8243; img_size=&#8220;full&#8220; alignment=&#8220;center&#8220; onclick=&#8220;link_image&#8220; css=&#8220;.vc_custom_1544000034946{border-top-width: 6px !important;border-right-width: 6px !important;border-bottom-width: 6px !important;border-left-width: 6px !important;border-left-color: #ffffff !important;border-left-style: solid !important;border-right-color: #ffffff !important;border-right-style: solid !important;border-top-color: #ffffff !important;border-top-style: solid !important;border-bottom-color: #ffffff !important;border-bottom-style: solid !important;}&#8220;][/vc_column_inner][vc_column_inner width=&#8220;1/3&#8243;][/vc_column_inner][/vc_row_inner][/vc_column][vc_column width=&#8220;3/4&#8243; el_class=&#8220;order-one&#8220;][vc_column_text]Seit Generationen ist unsere Familie mit dem <strong>Weinbau </strong>tief verbunden. Früher war die Familie Sommer selbst im Weinbau tätig. Heute haben wir uns nun auf die Lagerung, Präsentation und den Verkauf edler Weine spezialisiert.</p>
<p>Dabei wurde der ehemalige <strong>Weinkeller </strong>zu einer stilvollen Vinothek samt Stüberl umgebaut, die zum gemütlichen Beisammensein einlädt.</p>
<p><strong>15 Topwinzer</strong>, allesamt aus dem Weinviertel, bieten unter dem Motto „Wir sind Weinviertler&#8220; Kulturschätze der Region an. In unserer Vinothek finden Sie regionstypischen Sorten wie DAC und Welschriesling sowie andere österreichische Klassiker.</p>
<p>Wir freuen uns darauf, Sie in unserer Vinothek begrüßen zu dürfen. Genießen Sie einige gute Tropfen in entspannter Atmosphäre bei uns im Südlichen Weinviertel.[/vc_column_text][/vc_column][/vc_row]</p>
