{"id":812,"date":"2018-11-27T08:47:25","date_gmt":"2018-11-27T07:47:25","guid":{"rendered":"https:\/\/www.strike.co.at\/felixneu\/?page_id=812"},"modified":"2021-10-31T21:06:16","modified_gmt":"2021-10-31T20:06:16","slug":"feste","status":"publish","type":"page","link":"https:\/\/www.hotel-sommer.at\/felix\/feste\/","title":{"rendered":"FESTE"},"content":{"rendered":"<p>[vc_row css=&#8220;.vc_custom_1542625391926{margin-top: 0px !important;padding-top: 0px !important;}&#8220;][vc_column][vc_custom_heading text=&#8220;FESTE&#8220; font_container=&#8220;tag:h3|text_align:left&#8220; use_theme_fonts=&#8220;yes&#8220; css=&#8220;.vc_custom_1543304831144{margin-top: 0px !important;border-top-width: 0px !important;}&#8220;][vc_empty_space height=&#8220;5px&#8220;][vc_custom_heading text=&#8220;Ihr Fest bei uns&#8220; font_container=&#8220;tag:h4|text_align:left&#8220; use_theme_fonts=&#8220;yes&#8220;][vc_empty_space height=&#8220;22px&#8220;]<style type=\"text\/css\" >#l_eor0ikvqpfjfxad8tmfi.sc_line ,#l_eor0ikvqpfjfxad8tmfi .sc_line { height:1px; background:#d1d1d1;}#l_eor0ikvqpfjfxad8tmfi.sc_line ,#l_eor0ikvqpfjfxad8tmfi .sc_line{margin-left:auto!important; margin-right:auto!important;}#l_eor0ikvqpfjfxad8tmfi {margin:0px 0 0px 0; padding:0;}<\/style><div class=\"clearfix\"><\/div><div id=\"l_eor0ikvqpfjfxad8tmfi\"  class=\"sc_line rd_line_normal\" ><\/div>[\/vc_column][\/vc_row][vc_row el_class=&#8220;flex-row&#8220;][vc_column width=&#8220;1\/4&#8243; offset=&#8220;vc_col-xs-12&#8243; el_class=&#8220;order-two&#8220;][vc_single_image image=&#8220;2274&#8243; img_size=&#8220;full&#8220; alignment=&#8220;center&#8220; onclick=&#8220;link_image&#8220; css=&#8220;.vc_custom_1634577226063{border-top-width: 6px !important;border-right-width: 6px !important;border-bottom-width: 6px !important;border-left-width: 6px !important;border-left-color: #ffffff !important;border-left-style: solid !important;border-right-color: #ffffff !important;border-right-style: solid !important;border-top-color: #ffffff !important;border-top-style: solid !important;border-bottom-color: #ffffff !important;border-bottom-style: solid !important;}&#8220;][vc_row_inner][vc_column_inner width=&#8220;1\/3&#8243;][vc_single_image image=&#8220;2286&#8243; img_size=&#8220;full&#8220; alignment=&#8220;center&#8220; onclick=&#8220;link_image&#8220; css=&#8220;.vc_custom_1634577572766{border-top-width: 6px !important;border-right-width: 6px !important;border-bottom-width: 6px !important;border-left-width: 6px !important;border-left-color: #ffffff !important;border-left-style: solid !important;border-right-color: #ffffff !important;border-right-style: solid !important;border-top-color: #ffffff !important;border-top-style: solid !important;border-bottom-color: #ffffff !important;border-bottom-style: solid !important;}&#8220;][vc_single_image image=&#8220;2321&#8243; img_size=&#8220;full&#8220; alignment=&#8220;center&#8220; onclick=&#8220;link_image&#8220; css=&#8220;.vc_custom_1635710773590{border-top-width: 6px !important;border-right-width: 6px !important;border-bottom-width: 6px !important;border-left-width: 6px !important;border-left-color: #ffffff !important;border-left-style: solid !important;border-right-color: #ffffff !important;border-right-style: solid !important;border-top-color: #ffffff !important;border-top-style: solid !important;border-bottom-color: #ffffff !important;border-bottom-style: solid !important;}&#8220;][\/vc_column_inner][vc_column_inner width=&#8220;1\/3&#8243;][vc_single_image image=&#8220;2288&#8243; img_size=&#8220;full&#8220; alignment=&#8220;center&#8220; onclick=&#8220;link_image&#8220; css=&#8220;.vc_custom_1634577620322{border-top-width: 6px !important;border-right-width: 6px !important;border-bottom-width: 6px !important;border-left-width: 6px !important;border-left-color: #ffffff !important;border-left-style: solid !important;border-right-color: #ffffff !important;border-right-style: solid !important;border-top-color: #ffffff !important;border-top-style: solid !important;border-bottom-color: #ffffff !important;border-bottom-style: solid !important;}&#8220;][\/vc_column_inner][\/vc_row_inner][\/vc_column][vc_column width=&#8220;3\/4&#8243; el_class=&#8220;order-one&#8220;][vc_column_text]Unser hoher Standard in K\u00fcche und Service gewinnt in der richtigen Atmosph\u00e4re an Leben. Selbstverst\u00e4ndlich gehen wir auf die individuellen W\u00fcnsche unsere G\u00e4ste ein.<\/p>\n<p>Egal ob Omas 70er, Ihre Weihnachtsfeier oder ein feines Ganselessen. Gerne entwerfen wir Ihre individuelle Speisekarte. Vier gro\u00dfz\u00fcgige R\u00e4ume bieten Platz f\u00fcr die kleine private Runde oder f\u00fcr Veranstaltungen f\u00fcr bis zu 80 Personen:<\/p>\n<p><strong>Neuer Speisesaal: <\/strong>Dieser befindet sich links neben dem Gastzimmer und wurde 2021 w\u00e4hrend des Lock-Downs komplett neu renoviert. Genie\u00dfen Sie Ihre Zeit im gem\u00fctlichen-stylischen Ambiente. Designliebhaber werden mit dem ein oder anderen St\u00fcck ihre Freude haben. Unser sogenannter &#8222;Speisi&#8220; kann auch exklusiv f\u00fcr Ihre Feier mit bis zu 60 Personen gebucht werden.<\/p>\n<p><strong>Gastzimmer<\/strong>: An der Schank ein Achterl Veltliner trinken, am Stammtisch sitzen, Kartenspielen und das regionale Brauchtum mitleben<\/p>\n<p><strong>&#8222;Wennst einakummst glei rechts&#8220;:<\/strong> Die wohl passendeste Wegbeschreibung zu diesem traditionellen Raum, der Platz f\u00fcr 25 Personen bietet.<\/p>\n<p><strong>Sommersaal:<\/strong>\u00a0Dieser Raum bietet Platz f\u00fcr 80 Personen und ist ideal f\u00fcr Veranstaltungen, Seminare und Familienfeiern geeignet.<\/p>\n<p><strong>Garten mit Weinkeller:<\/strong> Im Garten k\u00f6nnen Parties f\u00fcr bis zu 200 Personen ausgerichtet werden. Der Weinkeller pr\u00e4sentiert sich hier als Highlight &#8211; im Verkostungsraum haben bereits Zauberer unsere G\u00e4ste begeistert. Hochzeiten werden hier auch gerne gefeiert.<\/p>\n<p>&nbsp;<\/p>\n<p>Rufen Sie uns an oder schreiben Sie uns:<\/p>\n<p>02288 2253<\/p>\n<p>office@hotel-sommer.at[\/vc_column_text][\/vc_column][\/vc_row]<\/p>\n","protected":false},"excerpt":{"rendered":"<p>[vc_row css=&#8220;.vc_custom_1542625391926{margin-top: 0px !important;padding-top: 0px !important;}&#8220;][vc_column][vc_custom_heading text=&#8220;FESTE&#8220; font_container=&#8220;tag:h3|text_align:left&#8220; use_theme_fonts=&#8220;yes&#8220; css=&#8220;.vc_custom_1543304831144{margin-top: 0px !important;border-top-width: 0px !important;}&#8220;][vc_empty_space height=&#8220;5px&#8220;][vc_custom_heading text=&#8220;Ihr Fest bei uns&#8220; font_container=&#8220;tag:h4|text_align:left&#8220; use_theme_fonts=&#8220;yes&#8220;][vc_empty_space height=&#8220;22px&#8220;][\/vc_column][\/vc_row][vc_row el_class=&#8220;flex-row&#8220;][vc_column width=&#8220;1\/4&#8243; offset=&#8220;vc_col-xs-12&#8243; el_class=&#8220;order-two&#8220;][vc_single_image image=&#8220;2274&#8243; img_size=&#8220;full&#8220; alignment=&#8220;center&#8220; onclick=&#8220;link_image&#8220; css=&#8220;.vc_custom_1634577226063{border-top-width: 6px !important;border-right-width: 6px !important;border-bottom-width: 6px !important;border-left-width: 6px !important;border-left-color: #ffffff !important;border-left-style: solid !important;border-right-color: #ffffff !important;border-right-style: solid !important;border-top-color: #ffffff !important;border-top-style: solid !important;border-bottom-color: #ffffff !important;border-bottom-style: solid !important;}&#8220;][vc_row_inner][vc_column_inner<br \/><a href=\"https:\/\/www.hotel-sommer.at\/felix\/feste\/\" class=\"more\">Read more<\/a><\/p>\n","protected":false},"author":1,"featured_media":0,"parent":0,"menu_order":0,"comment_status":"closed","ping_status":"closed","template":"","meta":[],"_links":{"self":[{"href":"https:\/\/www.hotel-sommer.at\/felix\/wp-json\/wp\/v2\/pages\/812"}],"collection":[{"href":"https:\/\/www.hotel-sommer.at\/felix\/wp-json\/wp\/v2\/pages"}],"about":[{"href":"https:\/\/www.hotel-sommer.at\/felix\/wp-json\/wp\/v2\/types\/page"}],"author":[{"embeddable":true,"href":"https:\/\/www.hotel-sommer.at\/felix\/wp-json\/wp\/v2\/users\/1"}],"replies":[{"embeddable":true,"href":"https:\/\/www.hotel-sommer.at\/felix\/wp-json\/wp\/v2\/comments?post=812"}],"version-history":[{"count":11,"href":"https:\/\/www.hotel-sommer.at\/felix\/wp-json\/wp\/v2\/pages\/812\/revisions"}],"predecessor-version":[{"id":2277,"href":"https:\/\/www.hotel-sommer.at\/felix\/wp-json\/wp\/v2\/pages\/812\/revisions\/2277"}],"wp:attachment":[{"href":"https:\/\/www.hotel-sommer.at\/felix\/wp-json\/wp\/v2\/media?parent=812"}],"curies":[{"name":"wp","href":"https:\/\/api.w.org\/{rel}","templated":true}]}}