{"id":780,"date":"2018-11-26T10:03:25","date_gmt":"2018-11-26T09:03:25","guid":{"rendered":"https:\/\/www.strike.co.at\/felixneu\/?page_id=780"},"modified":"2018-12-05T09:55:23","modified_gmt":"2018-12-05T08:55:23","slug":"zimmer","status":"publish","type":"page","link":"https:\/\/www.hotel-sommer.at\/felix\/zimmer\/","title":{"rendered":"ZIMMER"},"content":{"rendered":"<p>[vc_row css=&#8220;.vc_custom_1542625391926{margin-top: 0px !important;padding-top: 0px !important;}&#8220;][vc_column][vc_custom_heading text=&#8220;ZIMMER&#8220; font_container=&#8220;tag:h3|text_align:left&#8220; use_theme_fonts=&#8220;yes&#8220; css=&#8220;.vc_custom_1543222997976{margin-top: 0px !important;border-top-width: 0px !important;}&#8220;][vc_empty_space height=&#8220;5px&#8220;][vc_custom_heading text=&#8220;Hotel&#8220; font_container=&#8220;tag:h4|text_align:left&#8220; use_theme_fonts=&#8220;yes&#8220;][vc_empty_space height=&#8220;22px&#8220;]<style type=\"text\/css\" >#l_q7bpe57xskbtwmcld19l.sc_line ,#l_q7bpe57xskbtwmcld19l .sc_line { height:1px; background:#d1d1d1;}#l_q7bpe57xskbtwmcld19l.sc_line ,#l_q7bpe57xskbtwmcld19l .sc_line{margin-left:auto!important; margin-right:auto!important;}#l_q7bpe57xskbtwmcld19l {margin:0px 0 0px 0; padding:0;}<\/style><div class=\"clearfix\"><\/div><div id=\"l_q7bpe57xskbtwmcld19l\"  class=\"sc_line rd_line_normal\" ><\/div>[\/vc_column][\/vc_row][vc_row el_class=&#8220;flex-row&#8220;][vc_column width=&#8220;1\/4&#8243; offset=&#8220;vc_col-xs-12&#8243; el_class=&#8220;order-two&#8220;][vc_single_image image=&#8220;646&#8243; img_size=&#8220;full&#8220; alignment=&#8220;center&#8220; onclick=&#8220;link_image&#8220; css=&#8220;.vc_custom_1543221410754{border-top-width: 6px !important;border-right-width: 6px !important;border-bottom-width: 6px !important;border-left-width: 6px !important;border-left-color: #ffffff !important;border-left-style: solid !important;border-right-color: #ffffff !important;border-right-style: solid !important;border-top-color: #ffffff !important;border-top-style: solid !important;border-bottom-color: #ffffff !important;border-bottom-style: solid !important;}&#8220;][vc_row_inner][vc_column_inner width=&#8220;1\/3&#8243;][vc_single_image image=&#8220;1004&#8243; img_size=&#8220;full&#8220; alignment=&#8220;center&#8220; onclick=&#8220;link_image&#8220; css=&#8220;.vc_custom_1543945453137{border-top-width: 6px !important;border-right-width: 6px !important;border-bottom-width: 6px !important;border-left-width: 6px !important;border-left-color: #ffffff !important;border-left-style: solid !important;border-right-color: #ffffff !important;border-right-style: solid !important;border-top-color: #ffffff !important;border-top-style: solid !important;border-bottom-color: #ffffff !important;border-bottom-style: solid !important;}&#8220;][\/vc_column_inner][vc_column_inner width=&#8220;1\/3&#8243;][vc_single_image image=&#8220;1006&#8243; img_size=&#8220;full&#8220; alignment=&#8220;center&#8220; onclick=&#8220;link_image&#8220; css=&#8220;.vc_custom_1544000122436{border-top-width: 6px !important;border-right-width: 6px !important;border-bottom-width: 6px !important;border-left-width: 6px !important;border-left-color: #ffffff !important;border-left-style: solid !important;border-right-color: #ffffff !important;border-right-style: solid !important;border-top-color: #ffffff !important;border-top-style: solid !important;border-bottom-color: #ffffff !important;border-bottom-style: solid !important;}&#8220;][\/vc_column_inner][\/vc_row_inner][\/vc_column][vc_column width=&#8220;3\/4&#8243; el_class=&#8220;order-one&#8220;][vc_column_text]Unsere<strong>\u00a0Nichtraucher-Zimmer<\/strong>\u00a0sind allesamt mit Dusche\/WC, SAT-TV und Telefon ausgestattet. Wir bieten auch Zimmer mit Balkon an.<\/p>\n<p>Der Internetzugang ist im gesamten Haus kostenlos \u00fcber WLAN m\u00f6glich.<\/p>\n<p>Im Erdgescho\u00df des Hotels sowie im Garten befinden sich einige Aufenthaltsbereiche, die Raum f\u00fcr Entspannung oder gesellige Stunden bieten. Gem\u00fctliche Sitzecken und Sofas laden zum Verweilen ein.<\/p>\n<p>Die famili\u00e4re Atmosph\u00e4re unseres Hauses tr\u00e4gt dazu bei, dass Sie sich wie zuhause f\u00fchlen. Wir m\u00f6chten Ihnen Ihren Aufenthalt so angenehm wie m\u00f6glich gestalten.<\/p>\n<p>Gerne stellen wir Ihnen unsere\u00a0<strong>E-Tankstelle<\/strong>\u00a0(Wallbox 11KW) zur Verf\u00fcgung.<br \/>\n(Ladekabel Type 1 ist vorhanden)<\/p>\n<p>Ihre Reservierung nehmen wir gerne pers\u00f6nlich, telefonisch, via email oder Kontaktformular entgegen![\/vc_column_text][\/vc_column][\/vc_row]<\/p>\n","protected":false},"excerpt":{"rendered":"<p>[vc_row css=&#8220;.vc_custom_1542625391926{margin-top: 0px !important;padding-top: 0px !important;}&#8220;][vc_column][vc_custom_heading text=&#8220;ZIMMER&#8220; font_container=&#8220;tag:h3|text_align:left&#8220; use_theme_fonts=&#8220;yes&#8220; css=&#8220;.vc_custom_1543222997976{margin-top: 0px !important;border-top-width: 0px !important;}&#8220;][vc_empty_space height=&#8220;5px&#8220;][vc_custom_heading text=&#8220;Hotel&#8220; font_container=&#8220;tag:h4|text_align:left&#8220; use_theme_fonts=&#8220;yes&#8220;][vc_empty_space height=&#8220;22px&#8220;][\/vc_column][\/vc_row][vc_row el_class=&#8220;flex-row&#8220;][vc_column width=&#8220;1\/4&#8243; offset=&#8220;vc_col-xs-12&#8243; el_class=&#8220;order-two&#8220;][vc_single_image image=&#8220;646&#8243; img_size=&#8220;full&#8220; alignment=&#8220;center&#8220; onclick=&#8220;link_image&#8220; css=&#8220;.vc_custom_1543221410754{border-top-width: 6px !important;border-right-width: 6px !important;border-bottom-width: 6px !important;border-left-width: 6px !important;border-left-color: #ffffff !important;border-left-style: solid !important;border-right-color: #ffffff !important;border-right-style: solid !important;border-top-color: #ffffff !important;border-top-style: solid !important;border-bottom-color: #ffffff !important;border-bottom-style: solid !important;}&#8220;][vc_row_inner][vc_column_inner width=&#8220;1\/3&#8243;][vc_single_image image=&#8220;1004&#8243; img_size=&#8220;full&#8220;<br \/><a href=\"https:\/\/www.hotel-sommer.at\/felix\/zimmer\/\" class=\"more\">Read more<\/a><\/p>\n","protected":false},"author":1,"featured_media":0,"parent":0,"menu_order":0,"comment_status":"closed","ping_status":"closed","template":"","meta":[],"_links":{"self":[{"href":"https:\/\/www.hotel-sommer.at\/felix\/wp-json\/wp\/v2\/pages\/780"}],"collection":[{"href":"https:\/\/www.hotel-sommer.at\/felix\/wp-json\/wp\/v2\/pages"}],"about":[{"href":"https:\/\/www.hotel-sommer.at\/felix\/wp-json\/wp\/v2\/types\/page"}],"author":[{"embeddable":true,"href":"https:\/\/www.hotel-sommer.at\/felix\/wp-json\/wp\/v2\/users\/1"}],"replies":[{"embeddable":true,"href":"https:\/\/www.hotel-sommer.at\/felix\/wp-json\/wp\/v2\/comments?post=780"}],"version-history":[{"count":7,"href":"https:\/\/www.hotel-sommer.at\/felix\/wp-json\/wp\/v2\/pages\/780\/revisions"}],"predecessor-version":[{"id":1057,"href":"https:\/\/www.hotel-sommer.at\/felix\/wp-json\/wp\/v2\/pages\/780\/revisions\/1057"}],"wp:attachment":[{"href":"https:\/\/www.hotel-sommer.at\/felix\/wp-json\/wp\/v2\/media?parent=780"}],"curies":[{"name":"wp","href":"https:\/\/api.w.org\/{rel}","templated":true}]}}