{"id":639,"date":"2018-11-19T09:28:46","date_gmt":"2018-11-19T08:28:46","guid":{"rendered":"https:\/\/www.strike.co.at\/felixneu\/?page_id=28"},"modified":"2025-08-10T17:18:11","modified_gmt":"2025-08-10T15:18:11","slug":"hotel","status":"publish","type":"page","link":"https:\/\/www.hotel-sommer.at\/felix\/hotel\/","title":{"rendered":"HOTEL"},"content":{"rendered":"<p>[vc_row css=&#8220;.vc_custom_1542625391926{margin-top: 0px !important;padding-top: 0px !important;}&#8220;][vc_column][vc_custom_heading text=&#8220;HOTEL&#8220; font_container=&#8220;tag:h3|text_align:left&#8220; use_theme_fonts=&#8220;yes&#8220; css=&#8220;.vc_custom_1542625385730{margin-top: 0px !important;border-top-width: 0px !important;}&#8220;][vc_empty_space height=&#8220;5px&#8220;][vc_custom_heading text=&#8220;Die Ruhe am Land, die N\u00e4he zur Stadt&#8220; font_container=&#8220;tag:h4|text_align:left&#8220; use_theme_fonts=&#8220;yes&#8220;][vc_empty_space height=&#8220;22px&#8220;]<style type=\"text\/css\" >#l_hdshxzp2ide1upgqk98o.sc_line ,#l_hdshxzp2ide1upgqk98o .sc_line { height:1px; background:#d1d1d1;}#l_hdshxzp2ide1upgqk98o.sc_line ,#l_hdshxzp2ide1upgqk98o .sc_line{margin-left:auto!important; margin-right:auto!important;}#l_hdshxzp2ide1upgqk98o {margin:0px 0 0px 0; padding:0;}<\/style><div class=\"clearfix\"><\/div><div id=\"l_hdshxzp2ide1upgqk98o\"  class=\"sc_line rd_line_normal\" ><\/div>[\/vc_column][\/vc_row][vc_row el_class=&#8220;flex-row&#8220;][vc_column width=&#8220;1\/4&#8243; offset=&#8220;vc_col-xs-12&#8243; el_class=&#8220;order-two&#8220;][vc_single_image image=&#8220;646&#8243; img_size=&#8220;full&#8220; alignment=&#8220;center&#8220; onclick=&#8220;link_image&#8220; css=&#8220;.vc_custom_1543221410754{border-top-width: 6px !important;border-right-width: 6px !important;border-bottom-width: 6px !important;border-left-width: 6px !important;border-left-color: #ffffff !important;border-left-style: solid !important;border-right-color: #ffffff !important;border-right-style: solid !important;border-top-color: #ffffff !important;border-top-style: solid !important;border-bottom-color: #ffffff !important;border-bottom-style: solid !important;}&#8220;][vc_row_inner][vc_column_inner width=&#8220;1\/3&#8243;][vc_single_image image=&#8220;1004&#8243; img_size=&#8220;full&#8220; alignment=&#8220;center&#8220; onclick=&#8220;link_image&#8220; css=&#8220;.vc_custom_1544003329614{border-top-width: 6px !important;border-right-width: 6px !important;border-bottom-width: 6px !important;border-left-width: 6px !important;border-left-color: #ffffff !important;border-left-style: solid !important;border-right-color: #ffffff !important;border-right-style: solid !important;border-top-color: #ffffff !important;border-top-style: solid !important;border-bottom-color: #ffffff !important;border-bottom-style: solid !important;}&#8220;][\/vc_column_inner][vc_column_inner width=&#8220;1\/3&#8243;][vc_single_image image=&#8220;670&#8243; img_size=&#8220;full&#8220; alignment=&#8220;center&#8220; onclick=&#8220;link_image&#8220; css=&#8220;.vc_custom_1543221433958{border-top-width: 6px !important;border-right-width: 6px !important;border-bottom-width: 6px !important;border-left-width: 6px !important;border-left-color: #ffffff !important;border-left-style: solid !important;border-right-color: #ffffff !important;border-right-style: solid !important;border-top-color: #ffffff !important;border-top-style: solid !important;border-bottom-color: #ffffff !important;border-bottom-style: solid !important;}&#8220;][\/vc_column_inner][\/vc_row_inner][\/vc_column][vc_column width=&#8220;3\/4&#8243; el_class=&#8220;order-one&#8220;][vc_column_text]Unser Haus, das in unmittelbarer\u00a0<strong>N\u00e4he von Wien<\/strong> gelegen ist, verf\u00fcgt \u00fcber 30 Nichtraucher-Zimmer. Alle Bio-Holzzimmer beinhalten einen Flachbild-Fernseher mit SAT-Anschluss, ein Telefon und sind mit WLAN ausgestattet. Alle Zimmer sind klimatisiert.<\/p>\n<p>Ideal ist unser Hotel f\u00fcr\u00a0<strong>Familien<\/strong>,\u00a0<strong>Gesch\u00e4ftsreisende\u00a0<\/strong>und Personen, die f\u00fcr l\u00e4ngere Zeit eine Unterkunft ben\u00f6tigen. Egal ob N\u00e4chtigung mit Fr\u00fchst\u00fcck, Halb-oder Vollpension, bei uns finden Sie das passende Angebot.<\/p>\n<p>Zus\u00e4tzlich zu unseren Zimmern k\u00f6nnen wir unseren Business-G\u00e4sten auch voll m\u00f6blierte Apartments\u00a0 mit und ohne Fr\u00fchst\u00fcck in der N\u00e4he unseres Hotels anbieten.<\/p>\n<p>Das S\u00fcdliche Weinviertel bietet Ihnen ein breites Spektrum an Freizeitm\u00f6glichkeiten. Unsere MitarbeiterInnen stehen Ihnen gerne beratend zur Seite, um mit Ihnen gemeinsam Ihr optimales Programm auszuarbeiten. Interessante Informationen \u00fcber die Region finden Sie\u00a0<a href=\"http:\/\/hotel-sommer.at\/felix\/?q=content\/weinviertel\">hier<\/a>.<\/p>\n<p>Haben wir Ihr Interesse geweckt? Dann melden Sie sich einfach bei uns. Wir freuen uns auf Sie!<\/p>\n<p>&nbsp;<\/p>\n<p>Um sich ein besseres Bild machen zu k\u00f6nnen, laden wir Sie \u00fcber den nachfolgenden Link zu einer virtuellen Tour durch unseren Betrieb ein.<\/p>\n<p><a href=\"https:\/\/360.3dswissmedia.com\/ec40cf1\">Zum virtuellen Spaziergang<\/a>[\/vc_column_text][\/vc_column][\/vc_row]<\/p>\n","protected":false},"excerpt":{"rendered":"<p>[vc_row css=&#8220;.vc_custom_1542625391926{margin-top: 0px !important;padding-top: 0px !important;}&#8220;][vc_column][vc_custom_heading text=&#8220;HOTEL&#8220; font_container=&#8220;tag:h3|text_align:left&#8220; use_theme_fonts=&#8220;yes&#8220; css=&#8220;.vc_custom_1542625385730{margin-top: 0px !important;border-top-width: 0px !important;}&#8220;][vc_empty_space height=&#8220;5px&#8220;][vc_custom_heading text=&#8220;Die Ruhe am Land, die N\u00e4he zur Stadt&#8220; font_container=&#8220;tag:h4|text_align:left&#8220; use_theme_fonts=&#8220;yes&#8220;][vc_empty_space height=&#8220;22px&#8220;][\/vc_column][\/vc_row][vc_row el_class=&#8220;flex-row&#8220;][vc_column width=&#8220;1\/4&#8243; offset=&#8220;vc_col-xs-12&#8243; el_class=&#8220;order-two&#8220;][vc_single_image image=&#8220;646&#8243; img_size=&#8220;full&#8220; alignment=&#8220;center&#8220; onclick=&#8220;link_image&#8220; css=&#8220;.vc_custom_1543221410754{border-top-width: 6px !important;border-right-width: 6px !important;border-bottom-width: 6px !important;border-left-width: 6px !important;border-left-color: #ffffff !important;border-left-style: solid !important;border-right-color: #ffffff !important;border-right-style: solid !important;border-top-color: #ffffff !important;border-top-style: solid !important;border-bottom-color:<br \/><a href=\"https:\/\/www.hotel-sommer.at\/felix\/hotel\/\" class=\"more\">Read more<\/a><\/p>\n","protected":false},"author":1,"featured_media":0,"parent":0,"menu_order":0,"comment_status":"closed","ping_status":"closed","template":"","meta":[],"_links":{"self":[{"href":"https:\/\/www.hotel-sommer.at\/felix\/wp-json\/wp\/v2\/pages\/639"}],"collection":[{"href":"https:\/\/www.hotel-sommer.at\/felix\/wp-json\/wp\/v2\/pages"}],"about":[{"href":"https:\/\/www.hotel-sommer.at\/felix\/wp-json\/wp\/v2\/types\/page"}],"author":[{"embeddable":true,"href":"https:\/\/www.hotel-sommer.at\/felix\/wp-json\/wp\/v2\/users\/1"}],"replies":[{"embeddable":true,"href":"https:\/\/www.hotel-sommer.at\/felix\/wp-json\/wp\/v2\/comments?post=639"}],"version-history":[{"count":43,"href":"https:\/\/www.hotel-sommer.at\/felix\/wp-json\/wp\/v2\/pages\/639\/revisions"}],"predecessor-version":[{"id":3556,"href":"https:\/\/www.hotel-sommer.at\/felix\/wp-json\/wp\/v2\/pages\/639\/revisions\/3556"}],"wp:attachment":[{"href":"https:\/\/www.hotel-sommer.at\/felix\/wp-json\/wp\/v2\/media?parent=639"}],"curies":[{"name":"wp","href":"https:\/\/api.w.org\/{rel}","templated":true}]}}

<p>[vc_row css=&#8220;.vc_custom_1542625391926{margin-top: 0px !important;padding-top: 0px !important;}&#8220;][vc_column][vc_custom_heading text=&#8220;HOTEL&#8220; font_container=&#8220;tag:h3|text_align:left&#8220; use_theme_fonts=&#8220;yes&#8220; css=&#8220;.vc_custom_1542625385730{margin-top: 0px !important;border-top-width: 0px !important;}&#8220;][vc_empty_space height=&#8220;5px&#8220;][vc_custom_heading text=&#8220;Die Ruhe am Land, die Nähe zur Stadt&#8220; font_container=&#8220;tag:h4|text_align:left&#8220; use_theme_fonts=&#8220;yes&#8220;][vc_empty_space height=&#8220;22px&#8220;]<style type="text/css" >#l_hdshxzp2ide1upgqk98o.sc_line ,#l_hdshxzp2ide1upgqk98o .sc_line { height:1px; background:#d1d1d1;}#l_hdshxzp2ide1upgqk98o.sc_line ,#l_hdshxzp2ide1upgqk98o .sc_line{margin-left:auto!important; margin-right:auto!important;}#l_hdshxzp2ide1upgqk98o {margin:0px 0 0px 0; padding:0;}</style><div class="clearfix"></div><div id="l_hdshxzp2ide1upgqk98o"  class="sc_line rd_line_normal" ></div>[/vc_column][/vc_row][vc_row el_class=&#8220;flex-row&#8220;][vc_column width=&#8220;1/4&#8243; offset=&#8220;vc_col-xs-12&#8243; el_class=&#8220;order-two&#8220;][vc_single_image image=&#8220;646&#8243; img_size=&#8220;full&#8220; alignment=&#8220;center&#8220; onclick=&#8220;link_image&#8220; css=&#8220;.vc_custom_1543221410754{border-top-width: 6px !important;border-right-width: 6px !important;border-bottom-width: 6px !important;border-left-width: 6px !important;border-left-color: #ffffff !important;border-left-style: solid !important;border-right-color: #ffffff !important;border-right-style: solid !important;border-top-color: #ffffff !important;border-top-style: solid !important;border-bottom-color: #ffffff !important;border-bottom-style: solid !important;}&#8220;][vc_row_inner][vc_column_inner width=&#8220;1/3&#8243;][vc_single_image image=&#8220;1004&#8243; img_size=&#8220;full&#8220; alignment=&#8220;center&#8220; onclick=&#8220;link_image&#8220; css=&#8220;.vc_custom_1544003329614{border-top-width: 6px !important;border-right-width: 6px !important;border-bottom-width: 6px !important;border-left-width: 6px !important;border-left-color: #ffffff !important;border-left-style: solid !important;border-right-color: #ffffff !important;border-right-style: solid !important;border-top-color: #ffffff !important;border-top-style: solid !important;border-bottom-color: #ffffff !important;border-bottom-style: solid !important;}&#8220;][/vc_column_inner][vc_column_inner width=&#8220;1/3&#8243;][vc_single_image image=&#8220;670&#8243; img_size=&#8220;full&#8220; alignment=&#8220;center&#8220; onclick=&#8220;link_image&#8220; css=&#8220;.vc_custom_1543221433958{border-top-width: 6px !important;border-right-width: 6px !important;border-bottom-width: 6px !important;border-left-width: 6px !important;border-left-color: #ffffff !important;border-left-style: solid !important;border-right-color: #ffffff !important;border-right-style: solid !important;border-top-color: #ffffff !important;border-top-style: solid !important;border-bottom-color: #ffffff !important;border-bottom-style: solid !important;}&#8220;][/vc_column_inner][/vc_row_inner][/vc_column][vc_column width=&#8220;3/4&#8243; el_class=&#8220;order-one&#8220;][vc_column_text]Unser Haus, das in unmittelbarer <strong>Nähe von Wien</strong> gelegen ist, verfügt über 30 Nichtraucher-Zimmer. Alle Bio-Holzzimmer beinhalten einen Flachbild-Fernseher mit SAT-Anschluss, ein Telefon und sind mit WLAN ausgestattet. Alle Zimmer sind klimatisiert.</p>
<p>Ideal ist unser Hotel für <strong>Familien</strong>, <strong>Geschäftsreisende </strong>und Personen, die für längere Zeit eine Unterkunft benötigen. Egal ob Nächtigung mit Frühstück, Halb-oder Vollpension, bei uns finden Sie das passende Angebot.</p>
<p>Zusätzlich zu unseren Zimmern können wir unseren Business-Gästen auch voll möblierte Apartments  mit und ohne Frühstück in der Nähe unseres Hotels anbieten.</p>
<p>Das Südliche Weinviertel bietet Ihnen ein breites Spektrum an Freizeitmöglichkeiten. Unsere MitarbeiterInnen stehen Ihnen gerne beratend zur Seite, um mit Ihnen gemeinsam Ihr optimales Programm auszuarbeiten. Interessante Informationen über die Region finden Sie <a href="http://hotel-sommer.at/felix/?q=content/weinviertel">hier</a>.</p>
<p>Haben wir Ihr Interesse geweckt? Dann melden Sie sich einfach bei uns. Wir freuen uns auf Sie!</p>
<p>&nbsp;</p>
<p>Um sich ein besseres Bild machen zu können, laden wir Sie über den nachfolgenden Link zu einer virtuellen Tour durch unseren Betrieb ein.</p>
<p><a href="https://360.3dswissmedia.com/ec40cf1">Zum virtuellen Spaziergang</a>[/vc_column_text][/vc_column][/vc_row]</p>

<p>[vc_row css=&#8220;.vc_custom_1542625391926{margin-top: 0px !important;padding-top: 0px !important;}&#8220;][vc_column][vc_custom_heading text=&#8220;HOTEL&#8220; font_container=&#8220;tag:h3|text_align:left&#8220; use_theme_fonts=&#8220;yes&#8220; css=&#8220;.vc_custom_1542625385730{margin-top: 0px !important;border-top-width: 0px !important;}&#8220;][vc_empty_space height=&#8220;5px&#8220;][vc_custom_heading text=&#8220;Die Ruhe am Land, die Nähe zur Stadt&#8220; font_container=&#8220;tag:h4|text_align:left&#8220; use_theme_fonts=&#8220;yes&#8220;][vc_empty_space height=&#8220;22px&#8220;][/vc_column][/vc_row][vc_row el_class=&#8220;flex-row&#8220;][vc_column width=&#8220;1/4&#8243; offset=&#8220;vc_col-xs-12&#8243; el_class=&#8220;order-two&#8220;][vc_single_image image=&#8220;646&#8243; img_size=&#8220;full&#8220; alignment=&#8220;center&#8220; onclick=&#8220;link_image&#8220; css=&#8220;.vc_custom_1543221410754{border-top-width: 6px !important;border-right-width: 6px !important;border-bottom-width: 6px !important;border-left-width: 6px !important;border-left-color: #ffffff !important;border-left-style: solid !important;border-right-color: #ffffff !important;border-right-style: solid !important;border-top-color: #ffffff !important;border-top-style: solid !important;border-bottom-color:<br /><a href="https://www.hotel-sommer.at/felix/hotel/" class="more">Read more</a></p>
